et k be (-5*(-34)/8)/(2/24). Calculate the greatest common divisor of 51 and k.
51
Let w(p) = -p**2 + 10*p - 4. Let n be w(9). Calculate the highest common factor of n and 35.
5
Let r(f) = f**3 - 13*f**2 + 10*f - 9. Let h be r(13). Let z(k) = -k**3 + 5*k**2 + 3*k - 4. Let v be z(5). Calculate the greatest common divisor of v and h.
11
Suppose -3*l + 0*l + 46 = -5*z, -4*z - 2*l = 28. Let v be (-4)/((-48)/(-9))*z. Calculate the greatest common divisor of 54 and v.
6
Let j be (-34)/(-1) - (2 - 2). What is the highest common factor of 17 and j?
17
Suppose -4*i + 45 = -3. Let z = 27 - i. Calculate the greatest common divisor of 165 and z.
15
Let v(y) = -y**2 - 10*y - 8. Let z be v(-6). Suppose -11 - z = 3*r. Let l be 60/27 + 2/r. What is the greatest common factor of 1 and l?
1
Let y(x) = x + 11. Let u be y(0). Suppose -162 = b + 4*b - 4*i, i - 123 = 4*b. Let a = b + 31. What is the highest common divisor of u and a?
1
Let g = 43 - 41. Let o(w) = w**3 - 5*w**2 + 3*w - 5. Let i be o(5). What is the highest common factor of g and i?
2
Let r = 14 + -7. Suppose -6*m = -m - 140. What is the highest common divisor of r and m?
7
Let m(h) = h**2 - 5*h - 7. Let q be m(5). Let t = 12 + q. Let b be (-2)/(-5) - (-69)/15. Calculate the greatest common factor of b and t.
5
Suppose 4 = 2*s - 5*p + 29, p = s + 5. Suppose 5*o - 19 + 4 = s. Let t = -12 + 24. What is the highest common divisor of o and t?
3
Let q(w) = 4*w - 6. Let o be q(7). Suppose -5 = -4*k + 3. Calculate the highest common factor of o and k.
2
Suppose -108 = -2*y + 2*t - t, 265 = 5*y - 5*t. Suppose -30 = 4*i - 118. Calculate the greatest common factor of i and y.
11
Suppose 0 = -k + 3*k - 2. Let g be (0 - -4)*k + -2. Let j be g - (-6)/2*1. Calculate the highest common factor of 10 and j.
5
Suppose 0 = -4*v + 5*j + 515, -4*v = -0*j + j - 545. Suppose -8 = -5*o + o. Suppose 6*w - 60 = o*w. What is the greatest common factor of v and w?
15
Let u = -5 + 8. Suppose 4 = -m - m, 3*l + 3*m - u = 0. Suppose -b - l*b + 48 = 0. What is the highest common divisor of 84 and b?
12
Let r(a) = a**2 - a + 0*a**2 - 4*a - 4. Let q be r(6). Suppose -b = 2*n - 14, -q*b + 5 = -5*n - 14. What is the highest common divisor of b and 12?
12
Let h = 76 + -43. Suppose -n + 3*i + 0*i = -h, -3*n - 5*i + 155 = 0. Let a = 12 - 7. Calculate the greatest common divisor of a and n.
5
Let u = 34 - 18. Calculate the greatest common divisor of 16 and u.
16
Suppose 185 = -z + 6*z. Let t = z + 23. Let o = 88 - 48. Calculate the greatest common factor of o and t.
20
Suppose 2*c + 2*w - 5*w = 99, -3*c + 4*w = -150. What is the greatest common factor of c and 36?
18
Suppose 0 = 4*w - 2*w. Suppose f - 4*n = 11, -2*f + 4 = -w*f + n. Let h = -66 + 99. What is the greatest common factor of h and f?
3
Let d be (-2 + 48/9)*24/20. What is the greatest common divisor of 20 and d?
4
Suppose 4*t = 3 + 81. What is the greatest common divisor of 21 and t?
21
Let o(i) = 11*i + 3. Let d be o(-3). Let g = 3 - d. Suppose -2*q + 14 = -8. Calculate the greatest common factor of g and q.
11
Let d = 34 + -16. What is the highest common factor of 2 and d?
2
Let k be (-4)/(-3) - (-300)/18. Calculate the greatest common factor of k and 27.
9
Let f = 8 - -28. What is the greatest common factor of f and 108?
36
Let d be 4/(-6) - (-244)/6. Suppose 27*j - 20*j - 112 = 0. What is the highest common divisor of j and d?
8
Let f = -155 + 245. Calculate the highest common factor of f and 18.
18
Suppose 4*z - 23 = 101. Suppose 4*n - z = 49. Calculate the highest common factor of n and 200.
20
Let p be 3/(0 + -2*(-12)/680). Calculate the highest common factor of 17 and p.
17
Suppose 5*v - 148 = 12. Suppose 5*q - q - v = 0. What is the greatest common factor of q and 64?
8
Suppose -k = -7 - 23. Suppose -g - 3 = -5. Suppose 0 = -2*i + 8, -3*o + 2*o + g*i = -12. What is the greatest common divisor of k and o?
10
Let a(f) = 2*f**2 - 3*f + 3. Let q be a(6). Suppose 0*g = -3*g + q. What is the highest common factor of g and 152?
19
Let f(m) = 2*m**2 - 4*m - 3. Let z = -1 + -2. Let w be f(z). What is the greatest common factor of w and 3?
3
Let j = -1 + 17. Let n be 6*12/(-9)*-1. Let z be n/(34/(-36) - -1). What is the greatest common factor of z and j?
16
Suppose 0 = 5*b + 28 + 147. Let g = b - -70. Calculate the greatest common divisor of g and 14.
7
Let j = -2 + 8. Calculate the highest common factor of j and 48.
6
Let r(t) = 2*t - 9. Let h be r(6). Suppose -h*w = 3*d - 27, 4*d - d + 4*w = 29. Suppose 56 = -u + 3*u. Calculate the greatest common divisor of d and u.
7
Let v = 20 + 243. Let u = -97 - -10. Let b = u + v. What is the greatest common factor of b and 16?
16
Suppose k - 21 = -2*k. Let i = 432 + -187. Suppose c + 4*c - i = 0. What is the greatest common factor of c and k?
7
Suppose -q - 5*n = -26, 38 = 2*q - 2*n - 2*n. Calculate the greatest common divisor of 168 and q.
21
Suppose 7 = r - 0*r. Suppose r*v - 204 = 3*v. Suppose 28 = -2*c + 96. What is the highest common divisor of c and v?
17
Let j = 5 - 3. Suppose t = -j*t + 12. Calculate the highest common factor of t and 44.
4
Let g(l) = 31*l - 8. Let b be g(2). Calculate the highest common divisor of b and 18.
18
Let y = -6 - -10. Suppose y*j - 3 - 8 = 3*h, -4*j + 5 = 3*h. Suppose 4*c - 5*q = 245, q + 59 = c + j*q. What is the highest common factor of 24 and c?
12
Let l be (-178)/(-26) - 4/(-26). Suppose -u - 70 = -6*u. What is the highest common divisor of u and l?
7
Suppose -2*h = 5*w - 55, -4*w - 21 = -h - 0*h. What is the greatest common factor of 1 and h?
1
Suppose 2*k - 14 = 2. Let y be ((-30)/24)/((-2)/k). Let s be -6*(15/2)/(-3). What is the highest common divisor of y and s?
5
Let j(h) = 5*h - 38. Let g be j(10). What is the greatest common factor of 42 and g?
6
Let l(s) = s**3 - 4*s**2 + 2*s - 4. Let n be l(3). Let o = -39 + n. Let p be (o + 2)*(-9)/12. What is the highest common divisor of 22 and p?
11
Suppose i = g + 2*i - 17, 0 = -i - 2. Let t = 260 + -89. Calculate the greatest common divisor of g and t.
19
Suppose 2*d + 0*d + 14 = 0. Let a = d + 7. Suppose 5*b - 5*l - 25 = a, 0 = 3*b - 2*l - 14 - 1. Calculate the greatest common factor of b and 15.
5
Let g(y) = 18*y**2. Let h be -2 - (-3 - -10)/(-1). Let i(u) = -u + 7. Let a be i(h). Let c be g(a). What is the greatest common factor of c and 8?
8
Suppose 9*k - 11*k + 102 = 0. Let d be -2 - -18 - -1*1. What is the greatest common divisor of d and k?
17
Suppose -2*y - 5 = 4*r + 1, 5*y - 1 = -2*r. Let u = y - -12. What is the greatest common divisor of u and 117?
13
Suppose 3*n - 52 = 4*x, 4*n - 15 = 3*n - x. Calculate the greatest common factor of n and 40.
8
Let i = 33 + -12. Let f = 36 - i. Calculate the highest common factor of 120 and f.
15
Suppose 5*w = 3*w + 6. Suppose 2*z - 50 = -d, d - w*d + 95 = 3*z. Let h = 59 + d. What is the highest common divisor of h and 9?
9
Let r = 10 - -5. Calculate the greatest common divisor of r and 30.
15
Suppose -3*c = -3*k + 1 - 4, 5*c + k = 17. Let n be 1 - (0 - (-36 + -3)). Let g = n - -53. Calculate the greatest common divisor of g and c.
3
Let p(b) = -1 - 6*b**2 + 4 - 1 + b**3 + 2. Let f be p(6). Calculate the greatest common factor of f and 44.
4
Let b be 8/(-20) - (-174)/10. Suppose -3*l + 3*w + 48 = 0, 4 + 0 = 4*w. What is the highest common factor of l and b?
17
Let c(t) = 23*t + 1. Let x be c(1). Let g = 700 + -628. What is the greatest common factor of x and g?
24
Let s be (-1)/(-1*1/30). Calculate the highest common factor of s and 5.
5
Suppose 4*h - 2*h = -4*s + 16, 0 = -h + 4. Calculate the highest common factor of s and 16.
2
Let h = -16 + 36. Let l(f) = -2*f + 1. Let x be l(-2). Calculate the highest common factor of x and h.
5
Let d(r) = -4*r - 2*r**2 + 2 + 0 + 11*r**2. Let f be d(2). Calculate the greatest common divisor of 45 and f.
15
Let y(k) = 5*k - 1 - 4*k - 2*k - 4*k. Let l be y(-3). Suppose x - l = -x. Calculate the greatest common factor of x and 28.
7
Suppose 2*j - 346 = -5*f, -3*f - j + 208 = -0*f. What is the greatest common divisor of f and 28?
14
Let z be (-6)/((-6)/32*2). Calculate the greatest common divisor of z and 176.
16
Let t(b) = -3*b**3 - b**2 + 2*b + 2. Let f be t(-2). Calculate the highest common factor of f and 6.
6
Let f(p) = -p + 3. Let r be f(0). Let i be (-3 + 3 -